**2 + 7*j. Let o be n(7). Suppose -r - 4*c + 51 + 230 = 0, o = -5*r - 4*c + 1341. Is r prime?
False
Let v = -4 + 9. Suppose 3*t + 2*c = -0*t + 88, -150 = -v*t - 5*c. Suppose -193 = -5*h - t. Is h prime?
False
Suppose 0 = -w - 50 + 429. Is w prime?
True
Suppose -3*h = 87 - 246. Is h prime?
True
Let r = -1 - -1. Suppose z - 114 + 3 = r. Is z composite?
True
Suppose 7*b = 6*b + 400. Let t = 587 - b. Is t prime?
False
Let h = -2482 - -3539. Is h composite?
True
Suppose -91*w + 839 = -90*w. Is w prime?
True
Suppose -2*o = -4*d - 2, 5*o - 2*d - d = -16. Let z = 109 + o. Suppose b - 3*r - 74 = 0, -b - 4*r + r + z = 0. Is b prime?
True
Is (-2)/11 - 6564/(-88)*2 composite?
False
Let q(x) be the second derivative of 2*x**2 + 0 + x**3 + 1/4*x**4 + x. Is q(-5) a prime number?
False
Let n = 3 + -1. Suppose -y = -5*y + t - 3, 0 = -n*y - 4*t + 12. Suppose -5*s = y, 4*m - 22 - 30 = 5*s. Is m composite?
False
Let x = -44 + -166. Let w be (x/8)/(2/(-8)). Is (w/(-12))/((-1)/4) a prime number?
False
Let c(o) = 5*o**2 + 2*o. Let s be c(2). Let z = -9 + s. Is 1/(2 + (-29)/z) composite?
True
Let h(a) = -51*a + 2. Let z be h(-2). Suppose 3*i + 100 = -n, -2*n - 4*i = -n + z. Let g = 167 + n. Is g a composite number?
False
Let t(a) = 76*a - 39. Is t(16) a composite number?
True
Let r = 20 + 260. Suppose -3*s + 5*g + r = 0, -3*g - 91 = -s + g. Is s composite?
True
Suppose -3*d + 3*a + 2376 = 0, -3*d + 2*a + 3*a + 2378 = 0. Is d prime?
False
Let c(d) = 75*d**2 + 2*d - 1. Let j(s) = s - 4. Let q be j(5). Let b be c(q). Suppose -4*u + b = -5*n, -3*n - 14 = -2. Is u composite?
True
Let s(w) = -150*w**3 + 2*w**2 + 4*w + 1. Is s(-1) a prime number?
True
Suppose 4*x = -2*t + 882, -5*t + 3*t = -4*x + 902. Is x a composite number?
False
Suppose 5*r - 221 - 124 = -2*i, -5*r + 3*i + 320 = 0. Is r a composite number?
False
Suppose -6*h - 844 + 3718 = 0. Is h a prime number?
True
Suppose -2*a + 137 = a - 4*i, -a = -4*i - 43. Let s = a - 12. Is s composite?
True
Let n(w) = -2*w**3 + 2*w - 5. Let u be n(-4). Let m(j) = -j**2 - 16*j + 2. Let k be m(-16). Suppose -k*b = -6*b - 5*v + 496, b - v = u. Is b prime?
False
Let i = 5 + 1. Suppose 2*y - 2*b = -4*b + 2, 0 = 4*y + 3*b - 6. Let m = i - y. Is m a prime number?
True
Suppose 3*g - 236 = g - 5*s, -3*s + 119 = g. Is g composite?
False
Let d = 2565 - 1372. Is d prime?
True
Is ((-3)/6)/((-4)/43784) prime?
False
Is 7/(28/664)*(-2)/(-4) a composite number?
False
Suppose -2*f - 2 = -f. Let u(q) = 1 - q + 3*q - 3*q. Is u(f) composite?
False
Let u(i) = -92*i + 9. Is u(-4) composite?
True
Suppose -3*h - 1 = d - 0*d, 5 = h + 3*d. Suppose 3*q = -0*q + 60. Let g = q + h. Is g a prime number?
True
Let n = -3 - -7. Is 136/(-4)*(-14)/n prime?
False
Suppose 0 = -4*c - 2*p + 10, 0*c + 8 = 2*c - 2*p. Suppose -a - c*a = -4*d + 1092, 0 = 3*d + 3*a - 813. Suppose 4*f - d = -68. Is f a prime number?
False
Suppose -g + 5*g - 6 = -b, 2*g - 3*b + 4 = 0. Let i be 14/4 - g/2. Suppose i*v + 1 = 154. Is v a composite number?
True
Let a(r) = 45*r. Let c be a(-3). Let n = -61 - c. Suppose 3*y - n = y + 2*z, -2 = z. Is y composite?
True
Suppose -3*d + 15 = -8*d. Let q(v) be the first derivative of -v**4/4 - v**3 - 3*v**2/2 - 1. Is q(d) a prime number?
False
Let p(j) = 3 - 3*j**2 + 2 + 2*j**2 - 11*j - 2. Let r be p(-7). Suppose r + 15 = y. Is y composite?
True
Let a(z) = -z + 25. Let p(r) = -2*r + 51. Let q(h) = -11*a(h) + 6*p(h). Let l be q(0). Suppose -14 = -3*o + l. Is o a prime number?
False
Let c(p) = -p**3 + 7*p**2 - 6*p + 3. Let j be c(6). Let y be j*3/(9/(-2)). Is ((-23)/(-2))/((-1)/y) prime?
True
Suppose 138 = -o + 4*o. Let m = o - -301. Is m prime?
True
Is 609 + -5 + 3 + 4 composite?
True
Suppose -4*q = -q - 6. Let s be (-1)/1 - (0 - q). Let g(z) = 186*z - 1. Is g(s) composite?
True
Let b be (-238)/(-70) + 2/(-5). Suppose -b*w + 434 = -w. Is w a prime number?
False
Let y(q) = -24*q**3 - q**2 + 1. Let c be y(-1). Let t = 1 + c. Is t prime?
False
Let c(f) = -117*f + 8. Is c(-3) prime?
True
Let z be 4/(-2) + (0 - 60). Let f(n) = n**3 - n + 151. Let u be f(0). Let v = u + z. Is v a composite number?
False
Suppose 4*z + v - 538 = 0, -3*z - 2*v + 3*v + 400 = 0. Let q = z + -55. Is q composite?
False
Suppose 2*z + 119 = -21. Suppose 3*t - 5*l - 379 = 0, 5*t - 648 + 41 = -4*l. Let m = z + t. Is m a prime number?
True
Let d(c) = c - 13. Let m be d(13). Suppose m = -0*z + 5*z - 325. Is z prime?
False
Let m(x) = 0*x + 4 + 0*x + x + x**3. Let a be m(0). Is (-2)/a + (-31)/(-2) a prime number?
False
Suppose 0 = w, -4*w - 9 = -3*i + 3. Suppose -p = 5*b + 4*p - 275, i = -p. Let t = b + -37. Is t composite?
True
Suppose b - 4 = -b. Let z be (1 - -154) + b/(-1). Suppose 5*q = 2*q + z. Is q composite?
True
Let o(d) = 6*d**2 - 18*d + 11. Is o(12) a composite number?
False
Suppose 57 = g - 76. Suppose 117 = 2*s - g. Suppose 0 = -2*x + 5*x + y - 58, 4*y + s = 5*x. Is x prime?
False
Suppose 4 = -2*j + 8. Let t(x) = -5 - 3*x**j + 12*x**3 + 5 + 4*x**2. Is t(1) a prime number?
True
Suppose -6 = -3*h - 3*w, -4 = -h - 2*w - 0*w. Let c be (1/(-3))/((-1)/6). Suppose c*z - 47 - 63 = h. Is z composite?
True
Let w be 2*(3/(-2) + 0). Let q = w - 5. Is ((-18)/q)/((-3)/(-8)) a composite number?
True
Let l = -11 - -15. Suppose -4*n - 4 = -6*t + l*t, 3*t + 2*n = 6. Is (t/(-3))/(4/(-138)) a prime number?
True
Suppose 2*q + 6 = 5*q. Suppose h + 4*t = 175, q*h - 195 = h + t. Is h a composite number?
False
Let r = 244 + 82. Is r a prime number?
False
Let o = 6195 - 2332. Is o a composite number?
False
Let a = -1 - -9. Suppose 0*f + 6 = -f + 4*h, -4*h = -a. Suppose 2*q - 84 = -4*l - 2*q, q + 54 = f*l. Is l prime?
False
Suppose -y + 9 = -1. Is y a prime number?
False
Suppose -2*c + 21 - 9 = 0. Suppose 2*x + 4*f - 8 = 0, -3*x + c*x + 4 = 2*f. Suppose 4*u - q + 3*q - 202 = x, -3*q + 197 = 4*u. Is u a prime number?
True
Suppose -2*b = b. Is 58 + (b/(-1))/(-1) a composite number?
True
Let l(n) = -n. Let q be l(-6). Let w be 6/(-4)*2/1. Is q/(-9)*w - -33 a composite number?
True
Let c(p) = -p**3 + 3*p**2 + 6*p - 5. Let l be c(4). Suppose l*h = 4*h - 85. Is h composite?
True
Suppose -3*n + 2*t + 251 = -3*t, 0 = -t - 4. Is n composite?
True
Let g be 1/(4/(82 - 2)). Suppose -3*f - g = -5*f. Is f prime?
False
Let h be 3 - -2*(-2)/4. Let w be 0 + 5/(-2)*h. Is 1 + 53 + (-8 - w) a prime number?
False
Suppose 4*m + 40 = -60. Let w = m + 83. Is w a composite number?
True
Let y(g) = 10*g**3 + 4*g**2 + 4*g + 15. Is y(5) prime?
False
Suppose -4*l + d = 2*d, -4*l = -3*d. Let h(u) = u + 16. Let y(r) = 2*r + 33. Let c(g) = 7*h(g) - 3*y(g). Is c(l) prime?
True
Let t(r) be the second derivative of 7*r**4/12 - 5*r**3/6 - 5*r**2/2 - 5*r. Is t(-4) a composite number?
False
Let q = 7 + -2. Suppose q*k - 91 - 11 = -2*b, -51 = -b + 4*k. Is b a composite number?
True
Let h = -53 + 83. Let u = 83 - h. Is u prime?
True
Suppose -4*y - 13 = -z, 3*y + 8 = 4*z - 5. Let m = z + 148. Is m a composite number?
False
Suppose -6*h + 15 = -h. Suppose -3*u = u - h*v + 43, 31 = -3*u + 2*v. Let y(j) = 2*j**2 + 2*j + 1. Is y(u) prime?
False
Suppose 6*x = 4*x + 22. Let m = 42 + x. Is m a prime number?
True
Suppose -2*b + 0*b - 334 = 0. Let m = b + 487. Is (-4)/6 - m/(-12) composite?
True
Let s be 234/63 + 4/14. Let k(c) = 23*c**2 - 2*c - 7. Is k(s) composite?
False
Suppose 4*g = 18*g. Suppose 2*j + 84 = -2*f, -6*j + 4*f = -2*j + 200. Is 0 + j/(-2) + g composite?
False
Let h = 4919 + -2800. Is h a prime number?
False
Suppose 5*s - 797 = -2*o, -o + 6*o + 4*s = 1950. Is o a prime number?
False
Suppose -3*o + 7 = 1. Suppose -l - 2 = -2*l. Suppose 8*u - 4*u + o*x + l = 0, -5*u - 2*x = 0. Is u composite?
False
Let i(r) = -13*r + 2. Let m be i(-6). Let t = -53 - -100. Let x = m - t. Is x composite?
True
Let d(f) = 185*f - 11. Let a be d(-7). Let v = a + 2195. Is v a prime number?
False
Let p(m) = -m**3 - 4*m**2 + 3*m - 7. Let l be p(-5). Suppose 2*t = x - l*t - 765, 5*x - t - 3729 = 0. Is x a composite number?
True
Let j(c) = 7*c**2 + 2*c - 7. Let b be j(-3). Let n = -7 - -11. Suppose -b = -d - n*d. Is d a prime number?
False
Suppose 3*o - 4*y - 649 = -0*o, -3*o - 3*y + 621 = 0. Is o a prime number?
True
Suppose -3*b + 30 = -15. Suppose 493 + b = 4*m. Is m a prime number?
True
Let f(y) = y. Let p(v) = -7*v - 1. Let j(r) = -4*f(r) + p(r). Is j(-4) pr